d 174?
58
Calculate the highest common divisor of 14 and 10454.
2
What is the greatest common factor of 126 and 231126?
42
Calculate the highest common divisor of 1169 and 1673.
7
What is the greatest common divisor of 92981 and 1554?
259
What is the highest common divisor of 312 and 21411?
39
What is the greatest common divisor of 90 and 14274?
18
What is the greatest common divisor of 693 and 1414161?
63
Calculate the greatest common factor of 213 and 12567.
213
What is the highest common divisor of 3505 and 70?
5
Calculate the highest common divisor of 43553 and 7275.
97
What is the highest common factor of 205 and 605?
5
What is the highest common divisor of 915 and 465?
15
Calculate the highest common factor of 16460 and 520.
20
What is the highest common divisor of 6154 and 34752?
362
What is the greatest common divisor of 27 and 741987?
27
Calculate the highest common divisor of 83872 and 96.
32
What is the highest common factor of 2044 and 184252?
292
Calculate the highest common factor of 246 and 1861318.
82
Calculate the highest common divisor of 3052996 and 2584.
1292
Calculate the highest common factor of 241203 and 555.
111
Calculate the greatest common factor of 31589 and 62.
31
What is the highest common factor of 6496 and 45269?
203
What is the highest common divisor of 132 and 3404676?
132
What is the greatest common divisor of 249 and 1190967?
249
What is the greatest common divisor of 12906 and 3888?
54
Calculate the greatest common divisor of 22880 and 1540.
220
Calculate the greatest common divisor of 411788 and 260.
52
What is the highest common factor of 31980 and 13776?
492
What is the highest common divisor of 1555 and 466189?
311
Calculate the highest common factor of 14294 and 512.
2
What is the highest common divisor of 248 and 54188?
124
Calculate the greatest common divisor of 91 and 298207.
91
Calculate the highest common divisor of 19128 and 116.
4
What is the greatest common divisor of 204714 and 18?
18
What is the highest common factor of 5113537 and 143?
143
What is the greatest common factor of 67380 and 2100?
60
What is the highest common factor of 437844 and 66?
66
Calculate the greatest common divisor of 118250 and 258.
86
Calculate the highest common factor of 1445 and 1206320.
85
What is the highest common factor of 586 and 614?
2
Calculate the greatest common divisor of 504 and 434904.
24
Calculate the highest common divisor of 72772 and 7458.
226
Calculate the greatest common divisor of 5 and 64590.
5
Calculate the highest common factor of 6168 and 468.
12
What is the greatest common factor of 1835 and 579493?
367
Calculate the greatest common divisor of 30 and 1108000.
10
Calculate the highest common divisor of 653611 and 14.
7
Calculate the highest common divisor of 15 and 51860.
5
What is the greatest common divisor of 6542640 and 10?
10
What is the highest common factor of 14 and 761271?
7
Calculate the highest common divisor of 52716 and 612.
12
What is the greatest common factor of 18358 and 10138?
274
What is the greatest common divisor of 118 and 72511?
59
What is the greatest common factor of 14740 and 31356?
268
What is the highest common factor of 147 and 357?
21
What is the highest common factor of 16 and 356432?
16
Calculate the greatest common divisor of 9 and 92109.
3
What is the greatest common factor of 184025 and 2975?
425
What is the greatest common divisor of 490 and 33080?
10
Calculate the greatest common factor of 32 and 698848.
32
What is the highest common factor of 530 and 4525?
5
What is the greatest common factor of 2832 and 2561190?
354
Calculate the greatest common factor of 49818 and 20216.
722
What is the greatest common divisor of 42 and 5047581?
21
Calculate the greatest common divisor of 73457 and 298.
149
What is the highest common divisor of 1694 and 1213146?
242
Calculate the highest common factor of 37 and 107633.
37
Calculate the highest common factor of 44 and 1940444.
44
What is the greatest common divisor of 3172 and 3250?
26
Calculate the greatest common factor of 804 and 1694832.
804
What is the greatest common factor of 84 and 2373?
21
Calculate the greatest common factor of 1257606 and 182.
14
Calculate the greatest common divisor of 1750 and 239650.
50
Calculate the greatest common factor of 88 and 1671274.
22
What is the greatest common divisor of 520 and 519740?
260
What is the highest common factor of 3809359 and 73?
73
Calculate the highest common divisor of 60 and 3537810.
30
Calculate the highest common factor of 584521 and 28.
7
What is the greatest common divisor of 45355 and 7720?
965
Calculate the highest common divisor of 1887 and 2703.
51
What is the greatest common factor of 33 and 274461?
33
What is the greatest common divisor of 1885 and 962?
13
What is the greatest common factor of 1189810 and 2580?
430
What is the highest common divisor of 360 and 18672?
24
What is the greatest common divisor of 249 and 763683?
249
Calculate the highest common divisor of 156 and 7728.
12
What is the highest common divisor of 102390 and 60?
30
Calculate the greatest common factor of 561 and 345763.
187
Calculate the greatest common divisor of 147408 and 16.
16
Calculate the greatest common factor of 1153082 and 14.
14
What is the highest common divisor of 92 and 281198?
46
What is the highest common factor of 87447 and 24411?
309
What is the highest common divisor of 18 and 2654712?
18
Calculate the greatest common factor of 25714 and 344.
86
Calculate the highest common factor of 126670 and 2650.
530
What is the greatest common divisor of 1232 and 4466?
154
Calculate the highest common divisor of 3763 and 120257.
53
Calculate the highest common factor of 235550 and 875.
175
What is the highest common divisor of 85899 and 726?
33
Calculate the greatest common divisor of 165 and 11865.
15
Calculate the greatest common factor of 303776 and 176.
176
Calculate the highest common factor of 11244 and 6.
6
What is the greatest common divisor of 1300 and 775?
25
What is the greatest common divisor of 19 and 156579?
19
Calculate the highest common divisor of 7296197 and 129.
43
Calculate the highest common divisor of 170086 and 14.
14
What is the greatest common factor of 1506214 and 395?
79
What is the greatest common divisor of 187052 and 6868?
404
Calculate the greatest common divisor of 75 and 27735.
15
What is the highest common divisor of 372 and 1670807?
31
Calculate the highest common divisor of 668 and 485803.
167
Calculate the greatest common factor of 108 and 243108.
108
What is the highest common divisor of 42048 and 288?
288
Calculate the greatest common divisor of 1089 and 1001.
11
Calculate the greatest common factor of 556722 and 30.
6
Calculate the highest common divisor of 588 and 28910.
98
What is the greatest common divisor of 287 and 75481?
287
What is the greatest common divisor of 1536 and 27584?
64
What is the highest common factor of 203 and 443961?
203
What is the highest common divisor of 3044 and 655982?
1522
What is the greatest common factor of 1821 and 4?
1
Calculate the highest common factor of 459 and 527.
17
Calculate the greatest common divisor of 19958995 and 1237.
1237
What is the highest common divisor of 275 and 18250?
25
What is the greatest common factor of 20956 and 30758?
338
What is the highest common divisor of 1441 and 11555379?
1441
What is the highest common factor of 96 and 151472?
16
What is the greatest common divisor of 756 and 8001?
63
Calculate the greatest common divisor of 757 and 1799389.
757
Calculate the greatest common factor of 11690 and 770.
70
What is the greatest common factor of 35844 and 4176?
348
What is the greatest common divisor of 459 and 9843?
51
Calculate the highest common divisor of 9 and 82032.
3
What is the greatest common divisor of 1592 and 629238?
398
What is the greatest common divisor of 13404 and 403237?
1117
Calculate the greatest common factor of 84357 and 468.
117
What is the highest common factor of 29708 and 13160?
28
Calculate the highest common factor of 105 and 45.
15
Calculate the highest common factor of 66850 and 2483.
191
What is the greatest common divisor of 1426068 and 2268?
252
What is the highest common factor of 12 and 18822?
6
What is the highest common diviso